{"version":"1.0","provider_name":"H\u00f4tel \u00e0 Dakar \u2013 L\u2019Adresse Dakar | H\u00f4tel aux Almadies avec Restaurant &amp; Bar Rooftop","provider_url":"https:\/\/ladressedakar.com\/en","author_name":"admin","author_url":"https:\/\/ladressedakar.com\/en\/author\/arnaudbeaudat_97execa0\/","title":"R\u00e9unions, \u00e9v\u00e9nements - H\u00f4tel \u00e0 Dakar \u2013 L\u2019Adresse Dakar | H\u00f4tel aux Almadies avec Restaurant &amp; Bar Rooftop","type":"rich","width":600,"height":338,"html":"<blockquote class=\"wp-embedded-content\" data-secret=\"VBfi5gMUN8\"><a href=\"https:\/\/ladressedakar.com\/en\/reunions-evenements-prives\/\">Private events<\/a><\/blockquote><iframe sandbox=\"allow-scripts\" security=\"restricted\" src=\"https:\/\/ladressedakar.com\/en\/reunions-evenements-prives\/embed\/#?secret=VBfi5gMUN8\" width=\"600\" height=\"338\" title=\"&#8220;R\u00e9unions, \u00e9v\u00e9nements&#8221; &#8212; H\u00f4tel \u00e0 Dakar \u2013 L\u2019Adresse Dakar | H\u00f4tel aux Almadies avec Restaurant &amp; Bar Rooftop\" data-secret=\"VBfi5gMUN8\" frameborder=\"0\" marginwidth=\"0\" marginheight=\"0\" scrolling=\"no\" class=\"wp-embedded-content\"><\/iframe><script type=\"text\/javascript\">\n\/* <![CDATA[ *\/\n\/*! This file is auto-generated *\/\n!function(d,l){\"use strict\";l.querySelector&&d.addEventListener&&\"undefined\"!=typeof URL&&(d.wp=d.wp||{},d.wp.receiveEmbedMessage||(d.wp.receiveEmbedMessage=function(e){var t=e.data;if((t||t.secret||t.message||t.value)&&!\/[^a-zA-Z0-9]\/.test(t.secret)){for(var s,r,n,a=l.querySelectorAll('iframe[data-secret=\"'+t.secret+'\"]'),o=l.querySelectorAll('blockquote[data-secret=\"'+t.secret+'\"]'),c=new RegExp(\"^https?:$\",\"i\"),i=0;i<o.length;i++)o[i].style.display=\"none\";for(i=0;i<a.length;i++)s=a[i],e.source===s.contentWindow&&(s.removeAttribute(\"style\"),\"height\"===t.message?(1e3<(r=parseInt(t.value,10))?r=1e3:~~r<200&&(r=200),s.height=r):\"link\"===t.message&&(r=new URL(s.getAttribute(\"src\")),n=new URL(t.value),c.test(n.protocol))&&n.host===r.host&&l.activeElement===s&&(d.top.location.href=t.value))}},d.addEventListener(\"message\",d.wp.receiveEmbedMessage,!1),l.addEventListener(\"DOMContentLoaded\",function(){for(var e,t,s=l.querySelectorAll(\"iframe.wp-embedded-content\"),r=0;r<s.length;r++)(t=(e=s[r]).getAttribute(\"data-secret\"))||(t=Math.random().toString(36).substring(2,12),e.src+=\"#?secret=\"+t,e.setAttribute(\"data-secret\",t)),e.contentWindow.postMessage({message:\"ready\",secret:t},\"*\")},!1)))}(window,document);\n\/\/# sourceURL=https:\/\/ladressedakar.com\/wp-includes\/js\/wp-embed.min.js\n\/* ]]> *\/\n<\/script>","description":"R\u00e9unions et \u00e9v\u00e9nements priv\u00e9s d\u2019affaires plus de 600 m\u00b2 d\u2019espaces Pour la r\u00e9ussite de vos \u00e9v\u00e9nements, nous mettons \u00e0 votre disposition plus de 600 m\u00b2 d\u2019espaces (bureaux, salles de r\u00e9unions, de conf\u00e9rences, espaces ext\u00e9rieurs pour les banquets, cocktails ou afterwork) Capacit\u00e9 maximum des salles\u00a0: 250 participants Surface maximum\u00a0: 613 m2 Nombre de salles\u00a0: 5 Nous ...","thumbnail_url":"https:\/\/ladressedakar.com\/wp-content\/uploads\/2024\/05\/DSC_3751-550x367.jpg"}

Hôtel à Dakar – L’Adresse Dakar | Hôtel aux Almadies avec Restaurant &amp; Bar Rooftop

Réunions, événements - Hôtel à Dakar – L’Adresse Dakar | Hôtel aux Almadies avec Restaurant &amp; Bar Rooftop

<blockquote class="wp-embedded-content" data-secret="VBfi5gMUN8"><a href="https://ladressedakar.com/en/reunions-evenements-prives/">Private events</a></blockquote><iframe sandbox="allow-scripts" security="restricted" src="https://ladressedakar.com/en/reunions-evenements-prives/embed/#?secret=VBfi5gMUN8" width="600" height="338" title="&#8220;Réunions, événements&#8221; &#8212; Hôtel à Dakar – L’Adresse Dakar | Hôtel aux Almadies avec Restaurant &amp; Bar Rooftop" data-secret="VBfi5gMUN8" frameborder="0" marginwidth="0" marginheight="0" scrolling="no" class="wp-embedded-content"></iframe><script type="text/javascript">
/* <![CDATA[ */
/*! This file is auto-generated */
!function(d,l){"use strict";l.querySelector&&d.addEventListener&&"undefined"!=typeof URL&&(d.wp=d.wp||{},d.wp.receiveEmbedMessage||(d.wp.receiveEmbedMessage=function(e){var t=e.data;if((t||t.secret||t.message||t.value)&&!/[^a-zA-Z0-9]/.test(t.secret)){for(var s,r,n,a=l.querySelectorAll('iframe[data-secret="'+t.secret+'"]'),o=l.querySelectorAll('blockquote[data-secret="'+t.secret+'"]'),c=new RegExp("^https?:$","i"),i=0;i<o.length;i++)o[i].style.display="none";for(i=0;i<a.length;i++)s=a[i],e.source===s.contentWindow&&(s.removeAttribute("style"),"height"===t.message?(1e3<(r=parseInt(t.value,10))?r=1e3:~~r<200&&(r=200),s.height=r):"link"===t.message&&(r=new URL(s.getAttribute("src")),n=new URL(t.value),c.test(n.protocol))&&n.host===r.host&&l.activeElement===s&&(d.top.location.href=t.value))}},d.addEventListener("message",d.wp.receiveEmbedMessage,!1),l.addEventListener("DOMContentLoaded",function(){for(var e,t,s=l.querySelectorAll("iframe.wp-embedded-content"),r=0;r<s.length;r++)(t=(e=s[r]).getAttribute("data-secret"))||(t=Math.random().toString(36).substring(2,12),e.src+="#?secret="+t,e.setAttribute("data-secret",t)),e.contentWindow.postMessage({message:"ready",secret:t},"*")},!1)))}(window,document);
//# sourceURL=https://ladressedakar.com/wp-includes/js/wp-embed.min.js
/* ]]> */
</script>

Réunions et événements privés d’affaires plus de 600 m² d’espaces Pour la réussite de vos événements, nous mettons à votre disposition plus de 600 m² d’espaces (bureaux, salles de réunions, de conférences, espaces extérieurs pour les banquets, cocktails ou afterwork) Capacité maximum des salles : 250 participants Surface maximum : 613 m2 Nombre de salles : 5 Nous ...
